ime factors of 12720.
2, 3, 5, 53
List the prime factors of 45.
3, 5
What are the prime factors of 3272?
2, 409
List the prime factors of 37315.
5, 17, 439
List the prime factors of 894.
2, 3, 149
What are the prime factors of 71091?
3, 2633
List the prime factors of 1783.
1783
List the prime factors of 67921.
7, 31, 313
What are the prime factors of 3153?
3, 1051
What are the prime factors of 25804?
2, 6451
What are the prime factors of 467?
467
What are the prime factors of 13936?
2, 13, 67
List the prime factors of 3375.
3, 5
List the prime factors of 1653.
3, 19, 29
What are the prime factors of 87?
3, 29
List the prime factors of 5867.
5867
What are the prime factors of 428?
2, 107
What are the prime factors of 858?
2, 3, 11, 13
List the prime factors of 1904.
2, 7, 17
What are the prime factors of 17660?
2, 5, 883
What are the prime factors of 521?
521
What are the prime factors of 38063?
17, 2239
What are the prime factors of 2078?
2, 1039
What are the prime factors of 86?
2, 43
What are the prime factors of 833?
7, 17
What are the prime factors of 678?
2, 3, 113
What are the prime factors of 4595?
5, 919
What are the prime factors of 5950?
2, 5, 7, 17
What are the prime factors of 1263?
3, 421
List the prime factors of 24772.
2, 11, 563
List the prime factors of 11359.
37, 307
What are the prime factors of 57333?
3, 29, 659
List the prime factors of 19324.
2, 4831
What are the prime factors of 29?
29
List the prime factors of 11006.
2, 5503
What are the prime factors of 9872?
2, 617
What are the prime factors of 6885?
3, 5, 17
What are the prime factors of 1511?
1511
What are the prime factors of 2278?
2, 17, 67
What are the prime factors of 1299?
3, 433
List the prime factors of 1947.
3, 11, 59
List the prime factors of 3890.
2, 5, 389
List the prime factors of 61089.
3, 7, 2909
List the prime factors of 4861.
4861
What are the prime factors of 57377?
181, 317
List the prime factors of 31782.
2, 3, 5297
List the prime factors of 2882.
2, 11, 131
What are the prime factors of 117207?
3, 1447
What are the prime factors of 1622?
2, 811
What are the prime factors of 3685?
5, 11, 67
List the prime factors of 1365.
3, 5, 7, 13
List the prime factors of 1919.
19, 101
List the prime factors of 1554.
2, 3, 7, 37
List the prime factors of 7149.
3, 2383
What are the prime factors of 104453?
67, 1559
What are the prime factors of 32?
2
List the prime factors of 114440.
2, 5, 2861
What are the prime factors of 8456?
2, 7, 151
What are the prime factors of 3128?
2, 17, 23
List the prime factors of 1495.
5, 13, 23
List the prime factors of 1050.
2, 3, 5, 7
List the prime factors of 84.
2, 3, 7
What are the prime factors of 627?
3, 11, 19
List the prime factors of 15051.
3, 29, 173
List the prime factors of 25.
5
List the prime factors of 1500.
2, 3, 5
List the prime factors of 3282.
2, 3, 547
List the prime factors of 6659.
6659
What are the prime factors of 3647?
7, 521
List the prime factors of 1329.
3, 443
What are the prime factors of 7022?
2, 3511
List the prime factors of 1257.
3, 419
List the prime factors of 1830.
2, 3, 5, 61
List the prime factors of 27920.
2, 5, 349
What are the prime factors of 690?
2, 3, 5, 23
What are the prime factors of 212?
2, 53
What are the prime factors of 77?
7, 11
List the prime factors of 4181.
37, 113
What are the prime factors of 17512?
2, 11, 199
List the prime factors of 17075.
5, 683
List the prime factors of 2423.
2423
What are the prime factors of 8054?
2, 4027
What are the prime factors of 20836?
2, 5209
List the prime factors of 13468.
2, 7, 13, 37
List the prime factors of 210.
2, 3, 5, 7
What are the prime factors of 1278?
2, 3, 71
What are the prime factors of 2862?
2, 3, 53
List the prime factors of 27850.
2, 5, 557
What are the prime factors of 2895?
3, 5, 193
What are the prime factors of 1786?
2, 19, 47
What are the prime factors of 9843?
3, 17, 193
What are the prime factors of 22962?
2, 3, 43, 89
What are the prime factors of 6265?
5, 7, 179
List the prime factors of 8196.
2, 3, 683
What are the prime factors of 5155?
5, 1031
List the prime factors of 88906.
2, 44453
What are the prime factors of 2056?
2, 257
List the prime factors of 99957.
3, 11, 13, 233
List the prime factors of 39463.
19, 31, 67
What are the prime factors of 86608?
2, 5413
List the prime factors of 165030.
2, 3, 5, 5501
What are the prime factors of 251?
251
What are the prime factors of 12169?
43, 283
What are the prime factors of 2749?
2749
List the prime factors of 575.
5, 23
What are the prime factors of 877?
877
List the prime factors of 5425.
5, 7, 31
List the prime factors of 243.
3
List the prime factors of 1395.
3, 5, 31
What are the prime factors of 105130?
2, 5, 10513
List the prime factors of 1732.
2, 433
What are the prime factors of 13947?
3, 4649
What are the prime factors of 4999?
4999
List the prime factors of 95.
5, 19
List the prime factors of 313.
313
What are the prime factors of 726?
2, 3, 11
List the prime factors of 4999.
4999
List the prime factors of 556.
2, 139
What are the prime factors of 650?
2, 5, 13
List the prime factors of 10059.
3, 7, 479
What are the prime factors of 9365?
5, 1873
What are the prime factors of 13166?
2, 29, 227
What are the prime factors of 21379?
21379
List the prime factors of 63636.
2, 3, 5303
What are the prime factors of 18822?
2, 3, 3137
What are the prime factors of 57460?
2, 5, 13, 17
List the prime factors of 2210.
2, 5, 13, 17
What are the prime factors of 2021?
43, 47
List the prime factors of 97973.
97973
List the prime factors of 59661.
3, 7, 947
List the prime factors of 33801.
3, 19, 593
List the prime factors of 119082.
2, 3, 89, 223
What are the prime factors of 28344?
2, 3, 1181
What are the prime factors of 5749?
5749
What are the prime factors of 9154?
2, 23, 199
What are the prime factors of 53549?
53549
List the prime factors of 287.
7, 41
List the prime factors of 1252.
2, 313
List the prime factors of 4189.
59, 71
List the prime factors of 6098.
2, 3049
List the prime factors of 808.
2, 101
List the prime factors of 86372.
2, 11, 13, 151
What are the prime factors of 210?
2, 3, 5, 7
What are the prime factors of 561?
3, 11, 17
List the prime factors of 1685.
5, 337
What are the prime factors of 90383?
19, 67, 71
List the prime factors of 1646.
2, 823
What are the prime factors of 12678?
2, 3, 2113
List the prime factors of 1420.
2, 5, 71
What are the prime factors of 247?
13, 19
List the prime factors of 59986.
2, 89, 337
List the prime factors of 1372.
2, 7
List the prime factors of 13379.
17, 787
List the prime factors of 129.
3, 43
List the prime factors of 20306.
2, 11, 13, 71
What are the prime factors of 33421?
19, 1759
What are the prime factors of 5324?
2, 11
List the prime factors of 1424.
2, 89
What are the prime factors of 15630?
2, 3, 5, 521
What are the prime factors of 151603?
151603
What are the prime factors of 10877?
73, 149
List the prime factors of 592.
2, 37
What are the prime factors of 25409?
25409
List the prime factors of 1534.
2, 13, 59
List the prime factors of 15109.
29, 521
List the prime factors of 563.
563
List the prime factors of 2372.
2, 593
What are the prime factors of 546?
2, 3, 7, 13
List the prime factors of 2598.
2, 3, 433
List the prime factors of 676.
2, 13
List the prime factors of 986.
2, 17, 29
List the prime factors of 166182.
2, 3, 27697
List the prime factors of 11571.
3, 7, 19, 29
What are the prime factors of 15443?
15443
List the prime factors of 13246.
2, 37, 179
List the prime factors of 386.
2, 193
List the prime factors of 8260.
2, 5, 7, 59
What are the prime factors of 840?
2, 3, 5, 7
What are the prime factors of 5774?
2, 2887
What are the prime factors of 52681?
139, 379
List the prime factors of 7573.
7573
List the prime factors of 3548.
2, 887
List the prime factors of 10429.
10429
What are the prime factors of 53834?
2, 11, 2447
What are the prime factors of 206?
2, 103
List the prime factors of 2035.
5, 11, 37
List the prime factors of 16012.
2, 4003
List the prime factors of 38409.
3, 7, 31, 59
List the prime factors of 142292.
2, 35573
What are the prime factors of 706?
2, 353
What are the prime factors of 335?
5, 67
What are the prime factors of 3326?
2, 1663
What are the prime f